{"id":36,"date":"2026-04-05T20:29:47","date_gmt":"2026-04-05T20:29:47","guid":{"rendered":"http:\/\/kolekcjonerzy.org\/?page_id=36"},"modified":"2026-04-06T06:53:32","modified_gmt":"2026-04-06T06:53:32","slug":"services","status":"publish","type":"page","link":"https:\/\/kolekcjonerzy.org\/?page_id=36","title":{"rendered":"Dzia\u0142alno\u015b\u0107"},"content":{"rendered":"\n<div class=\"wp-block-uagb-container uagb-block-9ed5e6d4 alignfull uagb-is-root-container\"><div class=\"uagb-container-inner-blocks-wrap\">\n<div class=\"wp-block-uagb-info-box uagb-block-d5b134cc uagb-infobox__content-wrap  uagb-infobox-icon-above-title uagb-infobox-image-valign-top\"><div class=\"uagb-ifb-content\"><div class=\"uagb-ifb-title-wrap\"><h1 class=\"uagb-ifb-title\">Realizowane projekty<\/h1><\/div><\/div><\/div>\n<\/div><\/div>\n\n\n\n<div class=\"wp-block-uagb-container uagb-block-48009aef alignfull uagb-is-root-container\"><div class=\"uagb-container-inner-blocks-wrap\">\n<div class=\"wp-block-uagb-container uagb-block-5250fd34\">\n<div class=\"wp-block-uagb-container uagb-block-e2a91d97\">\n<div class=\"wp-block-uagb-image alignleft uagb-block-8590ae9a wp-block-uagb-image--layout-default wp-block-uagb-image--effect-static wp-block-uagb-image--align-left\"><figure class=\"wp-block-uagb-image__figure\"><img decoding=\"async\" srcset=\"https:\/\/kolekcjonerzy.org\/wp-content\/uploads\/2026\/04\/close-up-view-of-scattered-rifle-ammunition-bullets-34007502.jpeg ,https:\/\/kolekcjonerzy.org\/wp-content\/uploads\/2026\/04\/close-up-view-of-scattered-rifle-ammunition-bullets-34007502.jpeg 780w, https:\/\/kolekcjonerzy.org\/wp-content\/uploads\/2026\/04\/close-up-view-of-scattered-rifle-ammunition-bullets-34007502.jpeg 360w\" sizes=\"auto, (max-width: 480px) 150px\" src=\"https:\/\/kolekcjonerzy.org\/wp-content\/uploads\/2026\/04\/close-up-view-of-scattered-rifle-ammunition-bullets-34007502.jpeg\" alt=\"A detailed close-up of scattered rifle bullets on a dark surface, showcasing ammunition details.\" class=\"uag-image-448\" width=\"600\" height=\"450\" title=\"Dzia\u0142alno\u015b\u0107\" loading=\"lazy\" role=\"img\"><\/figure><\/div>\n\n\n\n<div class=\"wp-block-uagb-info-box uagb-block-3c7afed0 uagb-infobox__content-wrap  uagb-infobox-icon-above-title uagb-infobox-image-valign-top\"><div class=\"uagb-ifb-content\"><div class=\"uagb-ifb-title-wrap\"><span class=\"uagb-ifb-title-prefix\">01.<\/span><h2 class=\"uagb-ifb-title\">Publikacje<\/h2><\/div><p class=\"uagb-ifb-desc\">Nasze publikacje dostarczaj\u0105 rzetelnych informacji na temat historii broni, jej znaczenia kulturowego oraz przepis\u00f3w prawnych. Artyku\u0142y i eseje s\u0105 tworzone przez ekspert\u00f3w, kt\u00f3rzy dziel\u0105 si\u0119 swoj\u0105 wiedz\u0105 oraz do\u015bwiadczeniem. Ka\u017cda publikacja jest starannie redagowana, aby zapewni\u0107 wysok\u0105 jako\u015b\u0107 informacji i zrozumienie dla ka\u017cdego czytelnika. Zapraszam do odkrycia naszej biblioteki wiedzy.<\/p><\/div><\/div>\n<\/div>\n\n\n\n<div class=\"wp-block-uagb-container uagb-block-39480438\">\n<div class=\"wp-block-uagb-image alignleft uagb-block-c0169bf8 wp-block-uagb-image--layout-default wp-block-uagb-image--effect-static wp-block-uagb-image--align-left\"><figure class=\"wp-block-uagb-image__figure\"><img decoding=\"async\" srcset=\"https:\/\/kolekcjonerzy.org\/wp-content\/uploads\/2026\/04\/gun-with-ammunition-15264966.jpeg ,https:\/\/kolekcjonerzy.org\/wp-content\/uploads\/2026\/04\/gun-with-ammunition-15264966.jpeg 780w, https:\/\/kolekcjonerzy.org\/wp-content\/uploads\/2026\/04\/gun-with-ammunition-15264966.jpeg 360w\" sizes=\"auto, (max-width: 480px) 150px\" src=\"https:\/\/kolekcjonerzy.org\/wp-content\/uploads\/2026\/04\/gun-with-ammunition-15264966.jpeg\" alt=\"A detailed view of ammunition and a handgun with scattered bullets on a dark background.\" class=\"uag-image-433\" width=\"600\" height=\"350\" title=\"Dzia\u0142alno\u015b\u0107\" loading=\"lazy\" role=\"img\"><\/figure><\/div>\n\n\n\n<div class=\"wp-block-uagb-info-box uagb-block-57760dfc uagb-infobox__content-wrap  uagb-infobox-icon-above-title uagb-infobox-image-valign-top\"><div class=\"uagb-ifb-content\"><div class=\"uagb-ifb-title-wrap\"><span class=\"uagb-ifb-title-prefix\">02.<\/span><h2 class=\"uagb-ifb-title\">Recenzje Broni<\/h2><\/div><p class=\"uagb-ifb-desc\">Nasze recenzje broni dostarczaj\u0105 szczeg\u00f3\u0142owych informacji o najnowszych modelach oraz ich specyfikacjach. Ka\u017cda recenzja jest oparta na rzetelnych testach i ocenach przeprowadzonych przez do\u015bwiadczonych recenzent\u00f3w. Dzi\u0119ki temu, nasi cz\u0142onkowie mog\u0105 podejmowa\u0107 m\u0105dre decyzje dotycz\u0105ce zakupu broni. Analizujemy zar\u00f3wno aspekt techniczny, jak i u\u017cytkowy, aby zapewni\u0107 pe\u0142ny obraz interesuj\u0105cych modeli.<\/p><\/div><\/div>\n<\/div>\n<\/div>\n\n\n\n<div class=\"wp-block-uagb-container uagb-block-58944a93\">\n<div class=\"wp-block-uagb-container uagb-block-62a31330\">\n<div class=\"wp-block-uagb-image alignleft uagb-block-28a63686 wp-block-uagb-image--layout-default wp-block-uagb-image--effect-static wp-block-uagb-image--align-left\"><figure class=\"wp-block-uagb-image__figure\"><img decoding=\"async\" srcset=\"https:\/\/kolekcjonerzy.org\/wp-content\/uploads\/2026\/04\/three-used-bullet-casings-sit-on-black-background-tn9-aox9mm4.jpeg ,https:\/\/kolekcjonerzy.org\/wp-content\/uploads\/2026\/04\/three-used-bullet-casings-sit-on-black-background-tn9-aox9mm4.jpeg 780w, https:\/\/kolekcjonerzy.org\/wp-content\/uploads\/2026\/04\/three-used-bullet-casings-sit-on-black-background-tn9-aox9mm4.jpeg 360w\" sizes=\"auto, (max-width: 480px) 150px\" src=\"https:\/\/kolekcjonerzy.org\/wp-content\/uploads\/2026\/04\/three-used-bullet-casings-sit-on-black-background-tn9-aox9mm4.jpeg\" alt=\"three-used-bullet-casings-sit-on-black-background-tn9-aox9mm4\" class=\"uag-image-450\" width=\"600\" height=\"350\" title=\"Dzia\u0142alno\u015b\u0107\" loading=\"lazy\" role=\"img\"><\/figure><\/div>\n\n\n\n<div class=\"wp-block-uagb-info-box uagb-block-b870fe7d uagb-infobox__content-wrap  uagb-infobox-icon-above-title uagb-infobox-image-valign-top\"><div class=\"uagb-ifb-content\"><div class=\"uagb-ifb-title-wrap\"><span class=\"uagb-ifb-title-prefix\">03.<\/span><h2 class=\"uagb-ifb-title\">Dzia\u0142alno\u015b\u0107 Spo\u0142eczna<\/h2><\/div><p class=\"uagb-ifb-desc\">Nasza dzia\u0142alno\u015b\u0107 spo\u0142eczna skupia si\u0119 na wspieraniu i edukacji kolekcjoner\u00f3w poprzez organizacj\u0119 warsztat\u00f3w, prelekcji oraz event\u00f3w tematycznych. Chcemy budowa\u0107 wsp\u00f3lnot\u0119, w kt\u00f3rej pasjonaci broni mog\u0105 dzieli\u0107 si\u0119 do\u015bwiadczeniami i wymienia\u0107 si\u0119 wiedz\u0105. Organizacja spotka\u0144 i prezentacji pozwala na rozw\u00f3j umiej\u0119tno\u015bci oraz pog\u0142\u0119bienie wiedzy o uzbrojeniu. Dzia\u0142amy na rzecz ochrony dziedzictwa kulturowego i historycznego zwi\u0105zanego z broni\u0105.<\/p><\/div><\/div>\n<\/div>\n\n\n\n<div class=\"wp-block-uagb-container uagb-block-a474bc71\">\n<div class=\"wp-block-uagb-image alignleft uagb-block-616a26fd wp-block-uagb-image--layout-default wp-block-uagb-image--effect-static wp-block-uagb-image--align-left\"><figure class=\"wp-block-uagb-image__figure\"><img decoding=\"async\" srcset=\"https:\/\/kolekcjonerzy.org\/wp-content\/uploads\/2026\/04\/heres-a-short-caption-bullets-are-shown-in-close-up-b46x-sf1s1g.jpeg ,https:\/\/kolekcjonerzy.org\/wp-content\/uploads\/2026\/04\/heres-a-short-caption-bullets-are-shown-in-close-up-b46x-sf1s1g.jpeg 780w, https:\/\/kolekcjonerzy.org\/wp-content\/uploads\/2026\/04\/heres-a-short-caption-bullets-are-shown-in-close-up-b46x-sf1s1g.jpeg 360w\" sizes=\"auto, (max-width: 480px) 150px\" src=\"https:\/\/kolekcjonerzy.org\/wp-content\/uploads\/2026\/04\/heres-a-short-caption-bullets-are-shown-in-close-up-b46x-sf1s1g.jpeg\" alt=\"A close up image of some 45 caliber ammunition.\" class=\"uag-image-430\" width=\"600\" height=\"450\" title=\"Dzia\u0142alno\u015b\u0107\" loading=\"lazy\" role=\"img\"><\/figure><\/div>\n\n\n\n<div class=\"wp-block-uagb-info-box uagb-block-65a70ccb uagb-infobox__content-wrap  uagb-infobox-icon-above-title uagb-infobox-image-valign-top\"><div class=\"uagb-ifb-content\"><div class=\"uagb-ifb-title-wrap\"><span class=\"uagb-ifb-title-prefix\">04.<\/span><h2 class=\"uagb-ifb-title\">Rekomendacje dotycz\u0105ce Elaboracji<\/h2><\/div><p class=\"uagb-ifb-desc\">Oferujemy szczeg\u00f3\u0142owe informacje na temat \u0142adowania amunicji, kt\u00f3re pomagaj\u0105 w optymalizacji proces\u00f3w i bezpiecze\u0144stwa. Nasze materia\u0142y edukacyjne zawieraj\u0105 praktyczne wskaz\u00f3wki oraz porady dotycz\u0105ce najlepszych praktyk. Ka\u017cdy kolekcjoner broni, kt\u00f3ry interesuje si\u0119 \u0142adowaniem, znajdzie u nas cenne zasoby, kt\u00f3re mog\u0105 pom\u00f3c w skuteczniejszym i bezpieczniejszym podej\u015bciu do tego zaj\u0119cia.<\/p><\/div><\/div>\n<\/div>\n<\/div>\n<\/div><\/div>\n\n\n\n<div class=\"wp-block-uagb-container uagb-block-b684870f alignfull uagb-is-root-container\"><div class=\"uagb-container-inner-blocks-wrap\">\n<div class=\"wp-block-uagb-info-box uagb-block-f83a47d8 uagb-infobox__content-wrap  uagb-infobox-icon-above-title uagb-infobox-image-valign-top\"><div class=\"uagb-ifb-content\"><div class=\"uagb-ifb-title-wrap\"><span class=\"uagb-ifb-title-prefix\">Kolekcjonowanie to pasja na ca\u0142e \u017cycie<\/span><h2 class=\"uagb-ifb-title\">Zosta\u0144 cz\u0119\u015bci\u0105 Polskiego Towarzystwa Kolekcjonerskiego!<\/h2><\/div><p class=\"uagb-ifb-desc\">Nie przegap szansy na rozw\u00f3j swoich umiej\u0119tno\u015bci i wiedzy w kolekcjonowaniu broni.<\/p><div class=\"uagb-ifb-button-wrapper wp-block-button\"><a href=\"\/contact\/\" class=\"uagb-infobox-cta-link wp-block-button__link\" target=\"_self\" rel=\"noopener noreferrer\" onclick=\"return true;\"><span class=\"uagb-inline-editing\">Dowiedz si\u0119 wi\u0119cej<\/span><\/a><\/div><\/div><\/div>\n<\/div><\/div>\n","protected":false},"excerpt":{"rendered":"","protected":false},"author":6,"featured_media":0,"parent":0,"menu_order":0,"comment_status":"closed","ping_status":"closed","template":"","meta":{"_uag_custom_page_level_css":"","site-sidebar-layout":"default","site-content-layout":"","ast-site-content-layout":"default","site-content-style":"default","site-sidebar-style":"default","ast-global-header-display":"","ast-banner-title-visibility":"","ast-main-header-display":"","ast-hfb-above-header-display":"","ast-hfb-below-header-display":"","ast-hfb-mobile-header-display":"","site-post-title":"disabled","ast-breadcrumbs-content":"","ast-featured-img":"","footer-sml-layout":"","ast-disable-related-posts":"","theme-transparent-header-meta":"enabled","adv-header-id-meta":"","stick-header-meta":"","header-above-stick-meta":"","header-main-stick-meta":"","header-below-stick-meta":"","astra-migrate-meta-layouts":"default","ast-page-background-enabled":"default","ast-page-background-meta":{"desktop":{"background-color":"var(--ast-global-color-4)","background-image":"","background-repeat":"repeat","background-position":"center center","background-size":"auto","background-attachment":"scroll","background-type":"","background-media":"","overlay-type":"","overlay-color":"","overlay-opacity":"","overlay-gradient":""},"tablet":{"background-color":"","background-image":"","background-repeat":"repeat","background-position":"center center","background-size":"auto","background-attachment":"scroll","background-type":"","background-media":"","overlay-type":"","overlay-color":"","overlay-opacity":"","overlay-gradient":""},"mobile":{"background-color":"","background-image":"","background-repeat":"repeat","background-position":"center center","background-size":"auto","background-attachment":"scroll","background-type":"","background-media":"","overlay-type":"","overlay-color":"","overlay-opacity":"","overlay-gradient":""}},"ast-content-background-meta":{"desktop":{"background-color":"var(--ast-global-color-5)","background-image":"","background-repeat":"repeat","background-position":"center center","background-size":"auto","background-attachment":"scroll","background-type":"","background-media":"","overlay-type":"","overlay-color":"","overlay-opacity":"","overlay-gradient":""},"tablet":{"background-color":"var(--ast-global-color-5)","background-image":"","background-repeat":"repeat","background-position":"center center","background-size":"auto","background-attachment":"scroll","background-type":"","background-media":"","overlay-type":"","overlay-color":"","overlay-opacity":"","overlay-gradient":""},"mobile":{"background-color":"var(--ast-global-color-5)","background-image":"","background-repeat":"repeat","background-position":"center center","background-size":"auto","background-attachment":"scroll","background-type":"","background-media":"","overlay-type":"","overlay-color":"","overlay-opacity":"","overlay-gradient":""}},"footnotes":""},"class_list":["post-36","page","type-page","status-publish","hentry"],"uagb_featured_image_src":{"full":false,"thumbnail":false,"medium":false,"medium_large":false,"large":false,"1536x1536":false,"2048x2048":false},"uagb_author_info":{"display_name":"admin","author_link":"https:\/\/kolekcjonerzy.org\/?author=6"},"uagb_comment_info":0,"uagb_excerpt":null,"_links":{"self":[{"href":"https:\/\/kolekcjonerzy.org\/index.php?rest_route=\/wp\/v2\/pages\/36","targetHints":{"allow":["GET"]}}],"collection":[{"href":"https:\/\/kolekcjonerzy.org\/index.php?rest_route=\/wp\/v2\/pages"}],"about":[{"href":"https:\/\/kolekcjonerzy.org\/index.php?rest_route=\/wp\/v2\/types\/page"}],"author":[{"embeddable":true,"href":"https:\/\/kolekcjonerzy.org\/index.php?rest_route=\/wp\/v2\/users\/6"}],"replies":[{"embeddable":true,"href":"https:\/\/kolekcjonerzy.org\/index.php?rest_route=%2Fwp%2Fv2%2Fcomments&post=36"}],"version-history":[{"count":4,"href":"https:\/\/kolekcjonerzy.org\/index.php?rest_route=\/wp\/v2\/pages\/36\/revisions"}],"predecessor-version":[{"id":480,"href":"https:\/\/kolekcjonerzy.org\/index.php?rest_route=\/wp\/v2\/pages\/36\/revisions\/480"}],"wp:attachment":[{"href":"https:\/\/kolekcjonerzy.org\/index.php?rest_route=%2Fwp%2Fv2%2Fmedia&parent=36"}],"curies":[{"name":"wp","href":"https:\/\/api.w.org\/{rel}","templated":true}]}}